In base 16, what is 1 + 217?
218
In base 4, what is 1112 - 101?
1011
In base 5, what is 3 + 112?
120
In base 4, what is 10 - -13?
23
In base 11, what is -69 - -9?
-60
In base 12, what is -4 - -14b?
147
In base 14, what is 3761 - -2?
3763
In base 12, what is -4 + 21?
19
In base 4, what is 10 - 32?
-22
In base 11, what is 1 + 4a0?
4a1
In base 10, what is 0 - 48?
-48
In base 11, what is -4 + -19?
-22
In base 16, what is 16c + -4?
168
In base 2, what is -100 - 111?
-1011
In base 2, what is -100001 + 1101?
-10100
In base 6, what is 214 - -1?
215
In base 13, what is a04 - 5?
9cc
In base 11, what is -2 + 3055?
3053
In base 3, what is 11 - 1012?
-1001
In base 5, what is 4 - 1420?
-1411
In base 16, what is 135 + 1?
136
In base 15, what is -c1 + -6?
-c7
In base 7, what is -2 + 532?
530
In base 3, what is -21 + -2021?
-2112
In base 12, what is -3 - 196?
-199
In base 8, what is 4 - 240?
-234
In base 15, what is -3 - 0?
-3
In base 9, what is -1214 - 17?
-1232
In base 8, what is 4 + -3400?
-3374
In base 5, what is 123 + 124?
302
In base 15, what is -4 + 58?
54
In base 9, what is 671 + 4?
675
In base 9, what is 8 + -64?
-55
In base 9, what is -6 + -414?
-421
In base 4, what is 103121 + -22?
103033
In base 6, what is -5 - 11?
-20
In base 14, what is 16 - -2?
18
In base 5, what is 44 + -214?
-120
In base 9, what is -15 + 421?
405
In base 2, what is -100000 + 1110?
-10010
In base 16, what is 25 + 2?
27
In base 14, what is -953 - 0?
-953
In base 10, what is -19 + -61?
-80
In base 3, what is 2200001 + -1?
2200000
In base 11, what is -585 + 0?
-585
In base 16, what is 4 - 10b?
-107
In base 13, what is 0 + a05?
a05
In base 12, what is -32b - -26?
-305
In base 5, what is 110212 - 2?
110210
In base 14, what is 8 - 5?
3
In base 3, what is 11012002 + 1?
11012010
In base 8, what is 5 - 30?
-23
In base 16, what is -78 - 3?
-7b
In base 3, what is 1 + -20102022?
-20102021
In base 12, what is -3 + -1b5?
-1b8
In base 8, what is -5 + -12647?
-12654
In base 12, what is 114 - -3?
117
In base 2, what is 0 - 10001010?
-10001010
In base 7, what is 0 + 105?
105
In base 3, what is -2210 - -10?
-2200
In base 11, what is -119 + -5?
-123
In base 9, what is 4 - 67?
-63
In base 2, what is 10000100 + -1101?
1110111
In base 2, what is -1 - -11111000101?
11111000100
In base 5, what is 4 + -211?
-202
In base 13, what is -165 - 5?
-16a
In base 10, what is -723 + -1?
-724
In base 8, what is -116 - -134?
16
In base 14, what is 5b + -ad?
-52
In base 5, what is -4 + 21?
12
In base 13, what is 70b + -1?
70a
In base 3, what is 201 - 10?
121
In base 8, what is -1240 - 2?
-1242
In base 16, what is -2 + f7b?
f79
In base 12, what is 54 - 1?
53
In base 16, what is 83 + -2?
81
In base 4, what is 20303 - -3?
20312
In base 12, what is 8 - -303?
30b
In base 13, what is a00 - 5?
9c8
In base 15, what is -5 - 18?
-1d
In base 9, what is -6 + -113?
-120
In base 6, what is 42123 - 5?
42114
In base 3, what is -10 + 112112?
112102
In base 4, what is -1110 - -120?
-330
In base 2, what is 10 + -101111?
-101101
In base 10, what is -4 + 4?
0
In base 14, what is -3 - -89?
86
In base 4, what is 2 + -1203?
-1201
In base 11, what is 1 - 3a6?
-3a5
In base 11, what is -780 + -13?
-793
In base 14, what is 3 - -65?
68
In base 3, what is -1011120012 + 1?
-1011120011
In base 5, what is 124 - -32?
211
In base 15, what is 54 + 36?
8a
In base 7, what is -525 - 26?
-554
In base 8, what is -322 - -1?
-321
In base 5, what is 1131 + -3?
1123
In base 2, what is 111 + -11011011010?
-11011010011
In base 3, what is -212 + 100?
-112
In base 2, what is 11 + 10100011011?
10100011110
In base 10, what is 6 + -101?
-95
In base 10, what is -701 - -2?
-699
In base 12, what is 11a4 + -1?
11a3
In base 10, what is -1 - -296?
295
In base 11, what is 3 + 8a?
92
In base 14, what is 1 - 5b4?
-5b3
In base 5, what is -33 + -21?
-104
In base 14, what is ada - -1?
adb
In base 2, what is -100100101010110 - 11?
-100100101011001
In base 9, what is 21 + -148?
-127
In base 7, what is -16 + -554?
-603
In base 4, what is -13 - -1001?
322
In base 6, what is -132 + -12?
-144
In base 9, what is 1778 + -3?
1775
In base 9, what is -4 - -126?
122
In base 7, what is -46 + 244?
165
In base 16, what is -85 - -1?
-84
In base 13, what is 6 + -4?
2
In base 5, what is -1 + 114?
113
In base 13, what is 4 + -6?
-2
In base 4, what is 2232 + -3?
2223
In base 15, what is -4 + -2b?
-30
In base 6, what is 14 + -1?
13
In base 16, what is -4 - -30d?
309
In base 13, what is 4867 - 5?
4862
In base 2, what is 1100000000 + -1000?
1011111000
In base 16, what is 1ee + 5?
1f3
In base 16, what is 3 + -3e?
-3b
In base 5, what is 140200 + 10?
140210
In base 12, what is 100b - -2?
1011
In base 10, what is -158 - -10?
-148
In base 16, what is -2 + 116?
114
In base 2, what is -1111101 - 101?
-10000010
In base 13, what is -5a - -6?
-54
In base 13, what is 0 + 46?
46
In base 13, what is 3c4 - 5?
3bc
In base 2, what is -100 + -10110011?
-10110111
In base 12, what is -114 + 5?
-10b
In base 2, what is -1001 + 10100?
1011
In base 6, what is -11 + 45?
34
In base 4, what is -123 - 2?
-131
In base 9, what is 4 + 174?
178
In base 16, what is 2 - -4e?
50
In base 5, what is 4 - 224?
-220
In base 16, what is 9 + 0?
9
In base 11, what is -9 - -27?
19
In base 12, what is 1a083 + 5?
1a088
In base 10, what is -1 - -703?
702
In base 14, what is -6 - -db1?
da9
In base 6, what is 3203 + -2?
3201
In base 3, what is 100101 - -11?
100112
In base 2, what is 1011 + -1101?
-10
In base 16, what is -5 + -31b?
-320
In base 2, what is -101001001110 + 100?
-101001001010
In base 13, what is 3 - 1c8?
-1c5
In base 4, what is -11113 - -13?
-11100
In base 15, what is 9ab - 3?
9a8
In base 11, what is -5 + 27?
22
In base 6, what is 142 + 0?
142
In base 16, what is 3 - -138?
13b
In base 9, what is 3 - 1505?
-1502
In base 16, what is 85 - -1?
86
In base 6, what is -5525 - 4?
-5533
In base 9, what is 1188 - 4?
1184
In base 3, what is -2 - -2011?
2002
In base 16, what is 9 + b?
14
In base 10, what is -1 + 626?
625
In base 14, what is -67c - 3?
-681
In base 6, what is 5 + -211?
-202
In base 8, what is -1516 - -4?
-1512
In base 4, what is -101 + -223?
-330
In base 7, what is 2 - 250?
-245
In base 8, what is 770 + -2?
766
In base 4, what is -20 - -221?
201
In base 4, what is -10 - -1332?
1322
In base 16, what is 22 - -495?
4b7
In base 14, what is 7 - 4c?
-45
In base 7, what is 224 + -1?
223
In base 5, what is -121 + 1?
-120
In base 11, what is -180 + -6?
-186
In base 11, what is 5 - 713?
-709
In base 8, what is 212 - -142?
354
In base 16, what is -4 + -20?
-24
In base 9, what is 20161 + 0?
20161
In base 2, what is 1010111 + 111?
1011110
In base 8, what is 0 + 262?
262
In base 3, what is -10 + -20012012?
-20012022
In base 12, what is -14b3 - 4?
-14b7
In base 16, what is 16 + -e3?
-cd
In base 8, what is 1153 - 5?
1146
In base 5, what is 101 + 2122?
2223
In base 15, what is 493 + -4?
48e
In base 14, what is 8 - 52?
-48
In base 11, what is 1 - 26?
-25
In base 5, what is 4 - -33?
42
In base 4, what is -2200 - -32?
-2102
In base 13, what is 7bc + -4?
7b8
In base 14, what is -5 - -d?
8
In base 7, what is -5 + -1462?
-1500
In base 10, what is -6 + 2422?
2416
In base 6, what is 40 + 2000?
2040
In base 15, what is -3a0 - -2a?
-375
In base 9, what is -3 + 25?
22
In base 6, what is 2 - 21?
-15
In base 14, what is c + 2?
10
In base 12, what is -1 - 28?
-29
In base 11, what is -44 - a?
-53
In base 12, what is -11519 + 5?
-11514
In base 13, what is -3 - -89?
86
In base 12, what is -4a3a - 4?
-4a42
In base 5, what is -10 + 31240?
31230
In base 6, what is -31 - 0?
-31
In base 7, what is -13 - 16?
-32
In base 7, what is 534 + 2?
536
In base 5, what is -432101 - -3?
-432043
In base 5, what is -1 + 32?
31
In base 11, what is -74 + 13?
-61
In base 5, what is 3303 + 0?
3303
In base 2, what is -111110101 + 101101?
-111001000
In base 14, what is -4 + -291?
-295
In base 7, what is -61 - -2?
-56
In base 7, what is 305 + -3?
302
In base 15, what is 7 + -29?
-22
In base 2, what is -101 - -10000?
1011
In base 7, what is -1 - 121?
-122
In base 4, what is -20 + 102123?
102103
In base 13, what is -3 - -24?
21
In base 7, what is 11303 + -2?
11301
In base 15, what is 4c - 4?
48
In base 11, what is 18 - -36?
53
In base 12, what is 12 + 2?
14
In base 11, what is a46 + -2?
a